.
0
Evaluate 4 - -1 - (5 - (-2 + 7)).
5
What is the value of -1 + (-16 + 3 - (5 - 11))?
-8
What is the value of 17 - 15 - (0 - (-1 + -1))?
0
What is 16 + -1 + (-210 - -205)?
10
Calculate -1 - -5 - (1 - (-4 + -3)).
-4
What is the value of (2 - 3) + (4 - (-4 - -5))?
2
6 + -5 + (4 + -1 - -5)
9
Evaluate (-1 + -2 - -5) + 3 - 0.
5
What is -6 - (11 + (-16 - -4))?
-5
(13 - 30) + 5 + (4 - 2)
-10
Evaluate -2 - -4 - (12 + -9).
-1
What is (0 - 4) + -1 + 0?
-5
What is the value of (5 - 10 - -1) + 2 - -5?
3
What is the value of -3 + 2 + 10 - (32 + -31)?
8
Evaluate -4 - -11 - (4 - 2).
5
What is 1 + 2 + 4 + -6 + -2?
-1
Evaluate (1 - 1) + 0 - (2 - 7).
5
-1 - -7 - 3 - (-1 - -2)
2
Calculate (-2 - 1 - -4) + -5.
-4
(10 + -24 - -11) + 2
-1
Evaluate -34 - -29 - (2 + (-1 - 10)).
4
(-5 - (-3 - -1)) + -3 - -7
1
Evaluate -8 + (2 - (-1 - 2)).
-3
What is -2 + 2 + 1 + -3?
-2
5 + (-1 - 0) + -1
3
What is the value of (-6 - -2) + 11 + -10?
-3
Evaluate (-5 + -1 - -9) + 0 + -2.
1
Evaluate -2 + 2 + 2 + 1 + -6.
-3
What is the value of -8 - (-3 - -3) - -4?
-4
Evaluate -9 + (2 - -2 - (-13 - -13)).
-5
What is the value of 4 - -1 - (-3 + 11 + -3)?
0
What is the value of 1 - (-1 + -1 + (-1 - 0))?
4
Evaluate 5 - 9 - (1 - 2).
-3
Evaluate 4 - ((-7 - -2) + 6).
3
Evaluate -3 + (4 - 0) - (72 - 78).
7
8 - 2 - (-7 - -10)
3
Calculate -11 + 22 - (9 - 5).
7
What is -16 - (-19 - (-6 + -3))?
-6
Evaluate (0 - 1) + -4 + 2 + 4.
1
Evaluate 4 + -3 - (5 - 6).
2
Evaluate -59 + 64 - (0 + 9).
-4
Evaluate (-5 + 2 - -7) + -7.
-3
Calculate (2 - -2 - 4) + 1 - 5.
-4
Evaluate (-2 - 0) + 10 - (-30 - -35).
3
What is the value of 5 + (-3 - -5) + -11 + 6?
2
What is -17 + 7 + 3 - -10?
3
What is the value of (-10 - -12) + 1 + -6?
-3
(-9 + 10 - 8) + 9
2
Evaluate 2 + 1 + -2 - 1.
0
Evaluate (-20 - -20) + (4 - (15 - 0)).
-11
Calculate -4 + (-6 - -3 - 3) + 4.
-6
What is -2 + 3 - (2 + 5) - -12?
6
Evaluate 1 + (1 - 5 - -5).
2
Evaluate 7 + (5 - 13) - (3 + -2).
-2
Evaluate -1 - 7 - (-5 + 0).
-3
Calculate 30 + -26 + 0 + -6.
-2
-1 + 4 - (64 + -60)
-1
Evaluate (-4 - -13) + 2 + -20.
-9
What is (2 - 0) + -3 - -5 - 5?
-1
Evaluate 14 + -16 + (0 - 5).
-7
Calculate -26 + 27 + -4 + (0 - -8).
5
What is the value of 0 - 8 - (-4 + (0 - -6))?
-10
(1 - -9) + -6 + 0
4
Calculate (-1 - -2) + (-8 - -16 - 13).
-4
What is the value of 2 + (-3 + 4 - 6)?
-3
Calculate (-36 - -27) + 8 + 0 + -1.
-2
Evaluate -8 - (-8 + 5 + -5).
0
What is 9 + (1 - (-5 + 21))?
-6
What is 13 + -6 + -9 - (-4 - -12)?
-10
Evaluate -1 + 3 - -2 - (91 - 92).
5
Calculate 3 + (-4 - (4 - 4) - -2).
1
Calculate -6 - -6 - (-2 + -2).
4
What is the value of -1 - -5 - (1 + -4 - -3)?
4
Evaluate 0 + 1 - 2 - (12 + -13).
0
Calculate (-1 - -3) + (-6 - (1 - 6)).
1
Evaluate 2 + 2 - (3 - (8 - 13)).
-4
What is -4 + (1 - -4) + 3?
4
Calculate 6 - (5 + -4 + 4).
1
Calculate 8 + -4 + -4 - -2.
2
What is the value of 1 - 3 - (-7 + 0 + 1)?
4
What is (-4 - -7) + 11 - 5?
9
(-1 + -2 - -6) + 3 + -3
3
Evaluate -2 + 5 + -3 + -1 + -1.
-2
Evaluate (9 - 7) + -1 + 4.
5
-23 - -31 - (-1 + 0 - -4)
5
Evaluate -5 - (-10 - (-6 + 7)).
6
What is the value of -11 + 2 - -8 - (-2 - 1)?
2
Calculate -1 - (2 + (-5 - (-3 - -1))).
0
Calculate -6 + 2 - (-1 + -5).
2
What is the value of -4 + -5 + 5 - (-1 - 5)?
2
What is -1 + -4 + (11 + 1 - 4)?
3
Evaluate 0 + -1 - (-5 + 6).
-2
Evaluate -6 - (-24 + 3 - -7 - -3).
5
What is -1 + (4 - -4) - (7 + 2)?
-2
Evaluate 1 - (7 + (-3 - 4) + 3).
-2
What is the value of 3 - (1 - (-5 + 3))?
0
11 - (8 + -2 - 2)
7
Evaluate -10 + 11 + 3 + -2.
2
What is 1 - (-9 - (-1 - 4))?
5
Evaluate 0 + (-1 - -6 - 7).
-2
Calculate (-6 - -8) + (3 - (0 - -1)).
4
Calculate 5 + -2 + -10 + 6.
-1
What is (-11 - -10) + (1 - -3) + -1?
2
What is -5 + (0 - -1 - (-1 - 2))?
-1
Calculate -12 + 7 - (-5 + 0).
0
What is (1 - -14) + -3 - 0 - 5?
7
What is 6 - (-1 - (-7 + 4))?
4
What is -4 - ((0 - 3) + 5 + -3)?
-3
What is the value of -3 - ((1 - 1) + 1)?
-4
60 + -54 - (9 - 1)
-2
Calculate 0 - 6 - (-50 - -36) - 1.
7
Evaluate -21 + 20 - (-8 - 0).
7
Calculate 4 + (1 - -2 - (-5 - -10)).
2
What is the value of 0 + -2 + 2 + (10 - 15)?
-5
Evaluate -8 - (-2 + -4) - 5.
-7
Evaluate 3 + -1 - (-4 + (11 - 5)).
0
3 + 0 + (4 - 12) + 2
-3
Calculate -3 - 0 - (-4 + -5).
6
Evaluate (0 - -4) + -3 - 5.
-4
What is (5 - (4 + -3)) + (-1 - 2)?
1
What is the value of -14 - (-6 + 1 + -2)?
-7
Calculate (-2 - (-3 + -3)) + 5 + -13.
-4
What is the value of -1 + -4 - (12 - 16 - -5)?
-6
1 + -1 + -5 + (-2 - -4)
-3
Calculate -38 + 41 + (-6 - 3).
-6
-7 - (6 + -3 - 5)
-5
What is -7 + 7 + -4 + 0 + 9?
5
What is the value of (-3 - (2 - 4)) + -1 + 4?
2
-9 + 2 + (7 - (-4 + 14))
-10
What is (2 - (2 + -2)) + 5 + -6?
1
What is (-4 - 0) + 3 + -4?
-5
Evaluate -4 + -11 + 14 + (1 - -6).
6
Calculate (4 - (-1 - (-6 + 13))) + -9.
3
Evaluate (2 + 1 - 6) + 1.
-2
What is 2 + 0 + -1 - (-4 + 5)?
0
What is -12 - -20 - (1 - -7)?
0
Evaluate -2 - 0 - (-4 + 2).
0
Evaluate 4 - (7 + -3) - -1.
1
What is the value of (12 - 5) + -5 + -5?
-3
What is 3 - (-2 + 8 + (-19 - -25))?
-9
Calculate -4 + 2 + (-8 - -3) + 7.
0
Calculate 11 + -11 - 9 - -14.
5
What is the value of 19 + -23 + (9 - 2)?
3
What is the value of (3 + -2 - (1 + -5)) + -2?
3
What is the value of -1 - (6 + -10 + -3) - 5?
1
Calculate (-8 - -17) + (3 - 14 - -5).
3
What is 5 + (-1 - -1) + (-25 - -23)?
3
(7 + (-19 - -5) - -8) + 2
3
Calculate (0 - 6) + (4 - -7).
5
Calculate (0 - -1) + -5 + 5.
1
What is the value of 5 - (0 - (0 + 0))?
5
0 + (-2 - -3) + -1
0
What is the value of -3 + (2 - (2 + -3) - -3)?
3
What is 2 + (-3 - -3 - (1 + -4))?
5
(0 - 2) + (11 - (22 + -12))
-1
Evaluate 2 + -6 - (-14 + (-6 - -17)).
-1
What is the value of 3 - 3 - 5 - -9?
4
What is the value of 5 - ((0 - -6 - -4) + -1)?
-4
Calculate -4 - 1 - (-8 + (10 - -3)).
-10
What is the value of -11 - (-11 + 1 - -5) - 1?
-7
Calculate -1 + 0 - (-10 - (-23 - -12)).
-2
7 + (1 - 12 - -7)
3
Evaluate -53 - -52 - (7 - -1).
-9
What is (-6 + -9 - -1) + 8?
-6
Calculate 3 + (-3 + (0 - 5) - -2).
-3
1 + -3 + -4 - -3
-3
What is the value of (-5 - -7) + -2 + 0?
0
What is -4 - -1 - (-1 - (-2 - -3))?
-1
What is the value of (8 - 10) + 9 + (1 - -2)?
10
Evaluate 3 + (-1 - (3 + 0)) - -2.
1
Calculate 7 + -6 + 2 - (1 - -1).
1
2 + -4 + 4 + -4 - 4
-6
What is the value of (3 - -1) + 1 + 129 + -125?
9
Evaluate 2 - (3 - (-4 + (8 - 4))).
-1
(3 - (2 + 3)) + -3 + 0
-5
6 + (-7 - -9) + -13
-5
What is (0 + 1 - -8) + (-7 - -1)?
3
Calculate 2 - ((-2 - -6) + -5).
3
Calculate (2 - 0 - 3) + 0.
-1
Calculate -8 - (-20 + 0) - 7.
5
What is 4 + (3 - 3) + -11 + 4?
-3
-4 + (-6 - -14) - 8
-4
What is the value of 3 - 0 - (-5 - (-8 + 1))?
1
Calculate -11 + 0 + 10 - -2.
1
What is -4 + 5 - -3 - 6?
-2
Evaluate (4 - 2) + -1 - (5 + -6).
2
Calculate -7 + 3 + (15 + -3 - 4).
4
What is 26 - 26 - (-2 - (1 - 9))?
-6
What is -37 + 55 - (0 - -10)?
8
What is (-4 + 0 - -1) + (3 - -3)?
3
What is the value of 3 + 1 - (-1 - -2)?
3
What is the value of -3 + (-7 - (-14 + 7))?
-3
Calculate 62 - 69 - (-7 + -1).
1
What is the value of -1 + (0 - -1 - (-6 - -9))?
-3
What is 14 - 6 - (4 + (-2 - -2))?
4
-4 + (-1 - (-2 + -4 + 4))
-3
5 - 4 - (4 + -4 + 3)
-2
What is the value of -1 + 3 - (-6 + 6) - 2?
0
What is (1 - 10) + 3 + 2 - 1?
-5
What is 3 + (-15 - -4) + 4?
-4
Evaluate -4 - (-6 + -1 - -9).
-6
What is 0 + 1 + (-3 - -9)?
7
What is 1 + -2 + (-7 - -4)?
-4
-2 + -2 + (6 + -2 - -6)
6
Evaluate -4 + 8 - (9 - (-1 + 1)).
-5
Calculate (1 - 1) + (12 - 7).
5
3 + -1 + -5 - (1 - 2)
-2
What is -3 + 6 - (3 + -4 + 3)?
1
-1 + 45 + -45 + -2 + -1
-4
(-4 - 2 - -5) + -3
-4
What is (20 - (11 - -9)) + (-1 - -1)?
0
-6 + -6 + (-3 - -7)
-8
What is 0 + -11 + 0 - -13?
2
What is the value of (-8 - -3 - -4) + (3 - 1)?
1
What is the value of -1 + (-7 + 16 - 3)?
5
Evaluate 5 - ((-5 - -3) + 6) - 5.
-4
Calculate (4 - 7) + (-2 - (-8 - -9)).
-6
What is 0 - (-1 - 1) - (1 - -3)?
-2
What is the value of 33 - 28 - (5 + -1)?
1
-4 - -2 - (17 + -14)
-5
4 + -14 - -11 - (-1 + -4)
6
Calculate -3 - (2 + -4 + (-1 - -5)).
-5
Calculate (-13 - -6) + 8 + (-3 - 3).
-5
Calculate 1 + -1 + 2 + (115 - 117).
0
(-5 - (-5 + (1 - -2))) + 4
1
Evaluate -2 + (-1 - 1 - (-13 + 7)).
2
Evaluate 0 - (4 + 3 + -2).
-5
Calculate 9 - 1 - (27 + -24).
5
What is 14 + (4 - 21) + (-2 - -8)?
3
What is the value of (13 - 10) + 1 + -2?
2
Evaluate (6 + -10 - -8) + 0 + -4.
0
Evaluate (8 - (-3 - -4)) + (-5 - -3).
5
What is (-5 - 1) + 2